{"id":1670,"date":"2025-05-26T12:49:24","date_gmt":"2025-05-26T12:49:24","guid":{"rendered":"https:\/\/www.promostore.com.ar\/web\/?post_type=product&#038;p=1670"},"modified":"2025-07-31T15:47:17","modified_gmt":"2025-07-31T15:47:17","slug":"campera-montana","status":"publish","type":"product","link":"https:\/\/www.promostore.com.ar\/web\/producto\/campera-montana\/","title":{"rendered":"CAMPERA MONTANA"},"content":{"rendered":"<p>Campera con corte de hombre, confeccionada 100% en poli\u00e9ster, con material resistente al viento y repelente al agua, que ofrece comodidad y protecci\u00f3n en todo momento.<\/p>\n<p>Cuenta con cierre completo, protector de cuello y capucha ajustable. El dobladillo el\u00e1stico garantiza un ajuste c\u00f3modo y ce\u00f1ido.<\/p>\n<p>Su estructura con relleno t\u00e9rmico garantiza protecci\u00f3n para actividades laborales al aire libre a bajas temperaturas o entornos ambientales exigentes.<\/p>\n\n    <div class=\"xs_social_share_widget xs_share_url after_content \t\tmain_content  wslu-style-1 wslu-share-box-shaped wslu-fill-colored wslu-none wslu-share-horizontal wslu-theme-font-no wslu-main_content\">\n\n\t\t\n        <ul>\n\t\t\t        <\/ul>\n    <\/div> \n","protected":false},"excerpt":{"rendered":"<p> Campera con corte de hombre, confeccionada 100% en poli\u00e9ster, con material resistente al viento y repelente al agua, que ofrece comodidad y protecci\u00f3n en todo momento.<\/p>\n<p>Cuenta con cierre completo, protector de cuello y capucha ajustable. El dobladillo el\u00e1stico garantiza un ajuste c\u00f3modo y ce\u00f1ido.<\/p>\n<p>Su estructura con relleno t\u00e9rmico garantiza protecci\u00f3n para actividades laborales al aire libre a bajas temperaturas o entornos ambientales exigentes.<\/p>\n","protected":false},"featured_media":1673,"comment_status":"open","ping_status":"closed","template":"","meta":{"postBodyCss":"","postBodyMargin":[],"postBodyPadding":[],"postBodyBackground":{"backgroundType":"classic","gradient":""}},"product_brand":[],"product_cat":[78],"product_tag":[213,212,211,214,216,215,217],"class_list":{"0":"post-1670","1":"product","2":"type-product","3":"status-publish","4":"has-post-thumbnail","6":"product_cat-indumentaria-camperas","7":"product_tag-campera-inflable","8":"product_tag-campera-montana","9":"product_tag-camperas","10":"product_tag-indumentaria-empresarial","11":"product_tag-indumentaria-para-empresas","12":"product_tag-ropa-de-trabajo","13":"product_tag-uniformes","15":"first","16":"instock","17":"shipping-taxable","18":"purchasable","19":"product-type-simple"},"_links":{"self":[{"href":"https:\/\/www.promostore.com.ar\/web\/wp-json\/wp\/v2\/product\/1670","targetHints":{"allow":["GET"]}}],"collection":[{"href":"https:\/\/www.promostore.com.ar\/web\/wp-json\/wp\/v2\/product"}],"about":[{"href":"https:\/\/www.promostore.com.ar\/web\/wp-json\/wp\/v2\/types\/product"}],"replies":[{"embeddable":true,"href":"https:\/\/www.promostore.com.ar\/web\/wp-json\/wp\/v2\/comments?post=1670"}],"wp:featuredmedia":[{"embeddable":true,"href":"https:\/\/www.promostore.com.ar\/web\/wp-json\/wp\/v2\/media\/1673"}],"wp:attachment":[{"href":"https:\/\/www.promostore.com.ar\/web\/wp-json\/wp\/v2\/media?parent=1670"}],"wp:term":[{"taxonomy":"product_brand","embeddable":true,"href":"https:\/\/www.promostore.com.ar\/web\/wp-json\/wp\/v2\/product_brand?post=1670"},{"taxonomy":"product_cat","embeddable":true,"href":"https:\/\/www.promostore.com.ar\/web\/wp-json\/wp\/v2\/product_cat?post=1670"},{"taxonomy":"product_tag","embeddable":true,"href":"https:\/\/www.promostore.com.ar\/web\/wp-json\/wp\/v2\/product_tag?post=1670"}],"curies":[{"name":"wp","href":"https:\/\/api.w.org\/{rel}","templated":true}]}}

<p>Campera con corte de hombre, confeccionada 100% en poliéster, con material resistente al viento y repelente al agua, que ofrece comodidad y protección en todo momento.</p>
<p>Cuenta con cierre completo, protector de cuello y capucha ajustable. El dobladillo elástico garantiza un ajuste cómodo y ceñido.</p>
<p>Su estructura con relleno térmico garantiza protección para actividades laborales al aire libre a bajas temperaturas o entornos ambientales exigentes.</p>

    <div class="xs_social_share_widget xs_share_url after_content 		main_content  wslu-style-1 wslu-share-box-shaped wslu-fill-colored wslu-none wslu-share-horizontal wslu-theme-font-no wslu-main_content">

		
        <ul>
			        </ul>
    </div>

<p> Campera con corte de hombre, confeccionada 100% en poliéster, con material resistente al viento y repelente al agua, que ofrece comodidad y protección en todo momento.</p>
<p>Cuenta con cierre completo, protector de cuello y capucha ajustable. El dobladillo elástico garantiza un ajuste cómodo y ceñido.</p>
<p>Su estructura con relleno térmico garantiza protección para actividades laborales al aire libre a bajas temperaturas o entornos ambientales exigentes.</p>
