{"id":31,"date":"2017-09-15T14:18:50","date_gmt":"2017-09-15T14:18:50","guid":{"rendered":"http:\/\/localhost\/promostore\/?post_type=product&#038;p=31"},"modified":"2023-03-08T20:42:33","modified_gmt":"2023-03-08T20:42:33","slug":"mate-alma-my","status":"publish","type":"product","link":"https:\/\/www.promostore.com.ar\/web\/producto\/mate-alma-my\/","title":{"rendered":"MATE CLASSIC"},"content":{"rendered":"<p>Mate fabricado todo en polipropileno, parte superior con terminaci\u00f3n brillante color + base engomada simil madera<\/p>\n<p>Medidas : alto 9,5cm \/ boca 8,5cm<\/p>\n<p>Opcional: Bombilla de acero inoxidable de 17cm. La opci\u00f3n con bombilla incluye el anillo extractor de yerba para vaciado f\u00e1cil + faja de presentaci\u00f3n en cartulina impresa.<\/p>\n<p>Apto impresi\u00f3n en sistema serigrafia y tampograf\u00eda<\/p>\n<p>COLORES: rosa pastel \/ gris medio \/ aqua \/ coral \/ lila \/ amarillo \/ negro \/ gris medio \/ camel<\/p>\n<p>Colores especiales a partir de 2000u<\/p>\n\n    <div class=\"xs_social_share_widget xs_share_url after_content \t\tmain_content  wslu-style-1 wslu-share-box-shaped wslu-fill-colored wslu-none wslu-share-horizontal wslu-theme-font-no wslu-main_content\">\n\n\t\t\n        <ul>\n\t\t\t        <\/ul>\n    <\/div> \n","protected":false},"excerpt":{"rendered":"<p>Mate fabricado todo en polipropileno, parte superior con terminaci\u00f3n brillante color + base engomada simil madera<\/p>\n<p>Medidas : alto 9,5cm \/ boca 8,5cm<\/p>\n<p>Opcional: Bombilla de acero inoxidable de 17cm. La opci\u00f3n con bombilla incluye el anillo extractor de yerba para vaciado f\u00e1cil + faja de presentaci\u00f3n en cartulina impresa.<\/p>\n<p>Apto impresi\u00f3n en sistema serigrafia y tampograf\u00eda<\/p>\n<p>COLORES: rosa pastel \/ gris medio \/ aqua \/ coral \/ lila \/ amarillo \/ negro \/ gris medio \/ camel<\/p>\n<p>Colores especiales a partir de 2000u<\/p>\n","protected":false},"featured_media":1592,"comment_status":"open","ping_status":"closed","template":"","meta":{"postBodyCss":"","postBodyMargin":[],"postBodyPadding":[],"postBodyBackground":{"backgroundType":"classic","gradient":""}},"product_brand":[],"product_cat":[23],"product_tag":[],"class_list":{"0":"post-31","1":"product","2":"type-product","3":"status-publish","4":"has-post-thumbnail","6":"product_cat-hogar-bazar","8":"first","9":"instock","10":"shipping-taxable","11":"purchasable","12":"product-type-simple"},"_links":{"self":[{"href":"https:\/\/www.promostore.com.ar\/web\/wp-json\/wp\/v2\/product\/31","targetHints":{"allow":["GET"]}}],"collection":[{"href":"https:\/\/www.promostore.com.ar\/web\/wp-json\/wp\/v2\/product"}],"about":[{"href":"https:\/\/www.promostore.com.ar\/web\/wp-json\/wp\/v2\/types\/product"}],"replies":[{"embeddable":true,"href":"https:\/\/www.promostore.com.ar\/web\/wp-json\/wp\/v2\/comments?post=31"}],"wp:featuredmedia":[{"embeddable":true,"href":"https:\/\/www.promostore.com.ar\/web\/wp-json\/wp\/v2\/media\/1592"}],"wp:attachment":[{"href":"https:\/\/www.promostore.com.ar\/web\/wp-json\/wp\/v2\/media?parent=31"}],"wp:term":[{"taxonomy":"product_brand","embeddable":true,"href":"https:\/\/www.promostore.com.ar\/web\/wp-json\/wp\/v2\/product_brand?post=31"},{"taxonomy":"product_cat","embeddable":true,"href":"https:\/\/www.promostore.com.ar\/web\/wp-json\/wp\/v2\/product_cat?post=31"},{"taxonomy":"product_tag","embeddable":true,"href":"https:\/\/www.promostore.com.ar\/web\/wp-json\/wp\/v2\/product_tag?post=31"}],"curies":[{"name":"wp","href":"https:\/\/api.w.org\/{rel}","templated":true}]}}