{"id":3194,"date":"2026-04-02T19:52:15","date_gmt":"2026-04-02T22:52:15","guid":{"rendered":"https:\/\/www.promostore.com.ar\/web\/producto\/campera-windbreaker-cardon\/"},"modified":"2026-05-02T07:49:09","modified_gmt":"2026-05-02T10:49:09","slug":"campera-windbreaker-cardon","status":"publish","type":"product","link":"https:\/\/www.promostore.com.ar\/web\/producto\/campera-windbreaker-cardon\/","title":{"rendered":"Campera Windbreaker Cardon"},"content":{"rendered":"<p>Fabricada en Taslan con milky coating, es una tela con recubrimiento impermeable y protecci\u00f3n UV. El tejido interior es una malla de polyester que permite la ventilaci\u00f3n en la prenda. La campera esta confeccionada en un corte cl\u00e1sico. La misma cuenta con tres bolsillos con cierre, dos laterales inferiores y uno lateral derecho superior. <\/p>\n<p>Cuenta con un bolsillo de seguridad en el interior de la prenda. En el extremo superior del cierre, posee una solapa cobertora. Pu\u00f1os con regulaci\u00f3n por velcro. Regulaci\u00f3n interna en ruedo, por cord\u00f3n el\u00e1stico y tanca. Capucha con 2 puntos de ajuste. <\/p>\n<p>Recomendaciones de uso para cuidar tu abrigo: Lavar a m\u00e1quina a 30\u00b0. No lavar en seco. No Blanquear. No planchar. No secar en m\u00e1quina.<\/p>\n<p>Cardon.<\/p>\n\n    <div class=\"xs_social_share_widget xs_share_url after_content \t\tmain_content  wslu-style-1 wslu-share-box-shaped wslu-fill-colored wslu-none wslu-share-horizontal wslu-theme-font-no wslu-main_content\">\n\n\t\t\n        <ul>\n\t\t\t        <\/ul>\n    <\/div> \n","protected":false},"excerpt":{"rendered":"<p>Fabricada en Taslan con milky coating, es una tela con recubrimiento impermeable y protecci\u00f3n UV. El tejido interior es una malla de polyester que permite la ventilaci\u00f3n en la prenda. La campera esta confeccionada en un corte cl\u00e1sico. La misma cuenta con tres bolsillos con cierre, dos laterales inferiores y uno lateral derecho superior. Cuenta con un bolsillo de seguridad en el interior de la prenda. En el extremo superior del cierre, posee una solapa cobertora. Pu\u00f1os con regulaci\u00f3n por velcro. Regulaci\u00f3n interna en ruedo, por cord\u00f3n el\u00e1stico y tanca. Capucha con 2 puntos de ajuste. Recomendaciones de uso para cuidar tu abrigo: Lavar a m\u00e1quina a 30\u00b0. No lavar en seco. No Blanquear. No planchar. No secar en m\u00e1quina. Cardon.<\/p>\n","protected":false},"featured_media":3195,"comment_status":"open","ping_status":"closed","template":"","meta":{"postBodyCss":"","postBodyMargin":[],"postBodyPadding":[],"postBodyBackground":{"backgroundType":"classic","gradient":""}},"product_brand":[],"product_cat":[359],"product_tag":[],"class_list":{"0":"post-3194","1":"product","2":"type-product","3":"status-publish","4":"has-post-thumbnail","6":"product_cat-zc-workwear","8":"first","9":"instock","10":"shipping-taxable","11":"purchasable","12":"product-type-simple"},"_links":{"self":[{"href":"https:\/\/www.promostore.com.ar\/web\/wp-json\/wp\/v2\/product\/3194","targetHints":{"allow":["GET"]}}],"collection":[{"href":"https:\/\/www.promostore.com.ar\/web\/wp-json\/wp\/v2\/product"}],"about":[{"href":"https:\/\/www.promostore.com.ar\/web\/wp-json\/wp\/v2\/types\/product"}],"replies":[{"embeddable":true,"href":"https:\/\/www.promostore.com.ar\/web\/wp-json\/wp\/v2\/comments?post=3194"}],"wp:featuredmedia":[{"embeddable":true,"href":"https:\/\/www.promostore.com.ar\/web\/wp-json\/wp\/v2\/media\/3195"}],"wp:attachment":[{"href":"https:\/\/www.promostore.com.ar\/web\/wp-json\/wp\/v2\/media?parent=3194"}],"wp:term":[{"taxonomy":"product_brand","embeddable":true,"href":"https:\/\/www.promostore.com.ar\/web\/wp-json\/wp\/v2\/product_brand?post=3194"},{"taxonomy":"product_cat","embeddable":true,"href":"https:\/\/www.promostore.com.ar\/web\/wp-json\/wp\/v2\/product_cat?post=3194"},{"taxonomy":"product_tag","embeddable":true,"href":"https:\/\/www.promostore.com.ar\/web\/wp-json\/wp\/v2\/product_tag?post=3194"}],"curies":[{"name":"wp","href":"https:\/\/api.w.org\/{rel}","templated":true}]}}

<p>Fabricada en Taslan con milky coating, es una tela con recubrimiento impermeable y protección UV. El tejido interior es una malla de polyester que permite la ventilación en la prenda. La campera esta confeccionada en un corte clásico. La misma cuenta con tres bolsillos con cierre, dos laterales inferiores y uno lateral derecho superior. </p>
<p>Cuenta con un bolsillo de seguridad en el interior de la prenda. En el extremo superior del cierre, posee una solapa cobertora. Puños con regulación por velcro. Regulación interna en ruedo, por cordón elástico y tanca. Capucha con 2 puntos de ajuste. </p>
<p>Recomendaciones de uso para cuidar tu abrigo: Lavar a máquina a 30°. No lavar en seco. No Blanquear. No planchar. No secar en máquina.</p>
<p>Cardon.</p>

    <div class="xs_social_share_widget xs_share_url after_content 		main_content  wslu-style-1 wslu-share-box-shaped wslu-fill-colored wslu-none wslu-share-horizontal wslu-theme-font-no wslu-main_content">

		
        <ul>
			        </ul>
    </div>

<p>Fabricada en Taslan con milky coating, es una tela con recubrimiento impermeable y protección UV. El tejido interior es una malla de polyester que permite la ventilación en la prenda. La campera esta confeccionada en un corte clásico. La misma cuenta con tres bolsillos con cierre, dos laterales inferiores y uno lateral derecho superior. Cuenta con un bolsillo de seguridad en el interior de la prenda. En el extremo superior del cierre, posee una solapa cobertora. Puños con regulación por velcro. Regulación interna en ruedo, por cordón elástico y tanca. Capucha con 2 puntos de ajuste. Recomendaciones de uso para cuidar tu abrigo: Lavar a máquina a 30°. No lavar en seco. No Blanquear. No planchar. No secar en máquina. Cardon.</p>
