{"id":3200,"date":"2026-04-02T19:52:20","date_gmt":"2026-04-02T22:52:20","guid":{"rendered":"https:\/\/www.promostore.com.ar\/web\/producto\/paraguas-floz\/"},"modified":"2026-04-30T11:49:41","modified_gmt":"2026-04-30T14:49:41","slug":"paraguas-floz","status":"publish","type":"product","link":"https:\/\/www.promostore.com.ar\/web\/producto\/paraguas-floz\/","title":{"rendered":"Paraguas FL\u00d6Z"},"content":{"rendered":"<p>Paraguas de doble capa de nylon de alta resistencia al viento, impermeabilidad y calidad. Posee un robusto marco de 8 varillas de apertura y cierre manual, realizado con fibra de vidrio super ligero y dise\u00f1ado para soportar lluvias y vientos fuertes. Mango de pl\u00e1stico cubierto con una goma con reborde para un agarre c\u00f3modo y no deslizante en condiciones de humedad. El paraguas de doble capa permite que el viento atraviese la tela para evitar que se pueda romper. Ideal para golfistas. <\/p>\n<p>Medidas: Largo 97 cm x di\u00e1metro 150 cm.<br \/>\nWagner.<\/p>\n\n    <div class=\"xs_social_share_widget xs_share_url after_content \t\tmain_content  wslu-style-1 wslu-share-box-shaped wslu-fill-colored wslu-none wslu-share-horizontal wslu-theme-font-no wslu-main_content\">\n\n\t\t\n        <ul>\n\t\t\t        <\/ul>\n    <\/div> \n","protected":false},"excerpt":{"rendered":"<p>Paraguas de doble capa de nylon de alta resistencia al viento, impermeabilidad y calidad. Posee un robusto marco de 8 varillas de apertura y cierre manual, realizado con fibra de vidrio super ligero y dise\u00f1ado para soportar lluvias y vientos fuertes. Mango de pl\u00e1stico cubierto con una goma con reborde para un agarre c\u00f3modo y no deslizante en condiciones de humedad. El paraguas de doble capa permite que el viento atraviese la tela para evitar que se pueda romper. Ideal para golfistas. Medidas: Largo 97 cm x di\u00e1metro 150 cm. Wagner.<\/p>\n","protected":false},"featured_media":3201,"comment_status":"open","ping_status":"closed","template":"","meta":{"postBodyCss":"","postBodyMargin":[],"postBodyPadding":[],"postBodyBackground":{"backgroundType":"classic","gradient":""}},"product_brand":[],"product_cat":[368],"product_tag":[],"class_list":{"0":"post-3200","1":"product","2":"type-product","3":"status-publish","4":"has-post-thumbnail","6":"product_cat-zc-2026-agro","8":"first","9":"instock","10":"shipping-taxable","11":"purchasable","12":"product-type-simple"},"_links":{"self":[{"href":"https:\/\/www.promostore.com.ar\/web\/wp-json\/wp\/v2\/product\/3200","targetHints":{"allow":["GET"]}}],"collection":[{"href":"https:\/\/www.promostore.com.ar\/web\/wp-json\/wp\/v2\/product"}],"about":[{"href":"https:\/\/www.promostore.com.ar\/web\/wp-json\/wp\/v2\/types\/product"}],"replies":[{"embeddable":true,"href":"https:\/\/www.promostore.com.ar\/web\/wp-json\/wp\/v2\/comments?post=3200"}],"wp:featuredmedia":[{"embeddable":true,"href":"https:\/\/www.promostore.com.ar\/web\/wp-json\/wp\/v2\/media\/3201"}],"wp:attachment":[{"href":"https:\/\/www.promostore.com.ar\/web\/wp-json\/wp\/v2\/media?parent=3200"}],"wp:term":[{"taxonomy":"product_brand","embeddable":true,"href":"https:\/\/www.promostore.com.ar\/web\/wp-json\/wp\/v2\/product_brand?post=3200"},{"taxonomy":"product_cat","embeddable":true,"href":"https:\/\/www.promostore.com.ar\/web\/wp-json\/wp\/v2\/product_cat?post=3200"},{"taxonomy":"product_tag","embeddable":true,"href":"https:\/\/www.promostore.com.ar\/web\/wp-json\/wp\/v2\/product_tag?post=3200"}],"curies":[{"name":"wp","href":"https:\/\/api.w.org\/{rel}","templated":true}]}}