{"id":3304,"date":"2026-04-02T23:50:42","date_gmt":"2026-04-03T02:50:42","guid":{"rendered":"https:\/\/www.promostore.com.ar\/web\/producto\/parlante-atom\/"},"modified":"2026-04-30T00:49:16","modified_gmt":"2026-04-30T03:49:16","slug":"parlante-atom","status":"publish","type":"product","link":"https:\/\/www.promostore.com.ar\/web\/producto\/parlante-atom\/","title":{"rendered":"Parlante Atom"},"content":{"rendered":"<p>Parlante circular port\u00e1til con tecnolog\u00eda bluetooth y micr\u00f3fono manos libres. Realizado en ABS, con correa para colgarlo y facilitar su transporte.<br \/>\nBater\u00eda de 400mAh | Potencia del parlante: 3W | Frecuencia: 60Hz-16KHz | Conexi\u00f3n5v\/300mA | Peso: 159g | Medidas 98*45mm<br \/>\nKingtech<\/p>\n\n    <div class=\"xs_social_share_widget xs_share_url after_content \t\tmain_content  wslu-style-1 wslu-share-box-shaped wslu-fill-colored wslu-none wslu-share-horizontal wslu-theme-font-no wslu-main_content\">\n\n\t\t\n        <ul>\n\t\t\t        <\/ul>\n    <\/div> \n","protected":false},"excerpt":{"rendered":"<p>Parlante circular port\u00e1til con tecnolog\u00eda bluetooth y micr\u00f3fono manos libres. Realizado en ABS, con correa para colgarlo y facilitar su transporte. Bater\u00eda de 400mAh | Potencia del parlante: 3W | Frecuencia: 60Hz-16KHz | Conexi\u00f3n5v\/300mA | Peso: 159g | Medidas 98*45mm Kingtech<\/p>\n","protected":false},"featured_media":3305,"comment_status":"open","ping_status":"closed","template":"","meta":{"postBodyCss":"","postBodyMargin":[],"postBodyPadding":[],"postBodyBackground":{"backgroundType":"classic","gradient":""}},"product_brand":[],"product_cat":[346],"product_tag":[],"class_list":{"0":"post-3304","1":"product","2":"type-product","3":"status-publish","4":"has-post-thumbnail","6":"product_cat-zc-tecnologia","8":"first","9":"instock","10":"shipping-taxable","11":"purchasable","12":"product-type-simple"},"_links":{"self":[{"href":"https:\/\/www.promostore.com.ar\/web\/wp-json\/wp\/v2\/product\/3304","targetHints":{"allow":["GET"]}}],"collection":[{"href":"https:\/\/www.promostore.com.ar\/web\/wp-json\/wp\/v2\/product"}],"about":[{"href":"https:\/\/www.promostore.com.ar\/web\/wp-json\/wp\/v2\/types\/product"}],"replies":[{"embeddable":true,"href":"https:\/\/www.promostore.com.ar\/web\/wp-json\/wp\/v2\/comments?post=3304"}],"wp:featuredmedia":[{"embeddable":true,"href":"https:\/\/www.promostore.com.ar\/web\/wp-json\/wp\/v2\/media\/3305"}],"wp:attachment":[{"href":"https:\/\/www.promostore.com.ar\/web\/wp-json\/wp\/v2\/media?parent=3304"}],"wp:term":[{"taxonomy":"product_brand","embeddable":true,"href":"https:\/\/www.promostore.com.ar\/web\/wp-json\/wp\/v2\/product_brand?post=3304"},{"taxonomy":"product_cat","embeddable":true,"href":"https:\/\/www.promostore.com.ar\/web\/wp-json\/wp\/v2\/product_cat?post=3304"},{"taxonomy":"product_tag","embeddable":true,"href":"https:\/\/www.promostore.com.ar\/web\/wp-json\/wp\/v2\/product_tag?post=3304"}],"curies":[{"name":"wp","href":"https:\/\/api.w.org\/{rel}","templated":true}]}}