{"id":3604,"date":"2026-04-03T04:51:03","date_gmt":"2026-04-03T07:51:03","guid":{"rendered":"https:\/\/www.promostore.com.ar\/web\/producto\/parlante-frame-2\/"},"modified":"2026-04-29T22:49:29","modified_gmt":"2026-04-30T01:49:29","slug":"parlante-frame-2","status":"publish","type":"product","link":"https:\/\/www.promostore.com.ar\/web\/producto\/parlante-frame-2\/","title":{"rendered":"Parlante Frame"},"content":{"rendered":"<p>Parlante port\u00e1til fabricado en bamb\u00fa y PLA compostable, combinando tecnolog\u00eda avanzada con materiales sustentables para ofrecer una experiencia de sonido \u00fanica y amigable con el medio ambiente.<br \/>\nCon tecnolog\u00eda Bluetooth 5.0, una potencia de 3W y una bater\u00eda de 500 mAh, este parlante ofrece de 2 a 4 horas de reproducci\u00f3n continua, asegurando una conexi\u00f3n estable y un sonido claro. Su rango de transmisi\u00f3n de 10 metros y un rango de frecuencia de 280Hz-16KHz lo hacen perfecto para disfrutar de tu m\u00fasica favorita en cualquier lugar. Adem\u00e1s, cuenta con un bot\u00f3n trasero que permite encender o apagar el dispositivo, responder llamadas, y pausar o reproducir m\u00fasica con facilidad. <\/p>\n<p>Incluye un puerto de carga Micro USB y viene acompa\u00f1ado de su manual de instrucciones, cable cargador en una caja de confeccionada en cartulina Kraft. <\/p>\n<p>ReUseMe<\/p>\n\n    <div class=\"xs_social_share_widget xs_share_url after_content \t\tmain_content  wslu-style-1 wslu-share-box-shaped wslu-fill-colored wslu-none wslu-share-horizontal wslu-theme-font-no wslu-main_content\">\n\n\t\t\n        <ul>\n\t\t\t        <\/ul>\n    <\/div> \n","protected":false},"excerpt":{"rendered":"<p>Parlante port\u00e1til fabricado en bamb\u00fa y PLA compostable, combinando tecnolog\u00eda avanzada con materiales sustentables para ofrecer una experiencia de sonido \u00fanica y amigable con el medio ambiente. Con tecnolog\u00eda Bluetooth 5.0, una potencia de 3W y una bater\u00eda de 500 mAh, este parlante ofrece de 2 a 4 horas de reproducci\u00f3n continua, asegurando una conexi\u00f3n estable y un sonido claro. Su rango de transmisi\u00f3n de 10 metros y un rango de frecuencia de 280Hz-16KHz lo hacen perfecto para disfrutar de tu m\u00fasica favorita en cualquier lugar. Adem\u00e1s, cuenta con un bot\u00f3n trasero que permite encender o apagar el dispositivo, responder llamadas, y pausar o reproducir m\u00fasica con facilidad. Incluye un puerto de carga Micro USB y viene acompa\u00f1ado de su manual de instrucciones, cable cargador en una caja de confeccionada en cartulina Kraft. ReUseMe<\/p>\n","protected":false},"featured_media":3605,"comment_status":"open","ping_status":"closed","template":"","meta":{"postBodyCss":"","postBodyMargin":[],"postBodyPadding":[],"postBodyBackground":{"backgroundType":"classic","gradient":""}},"product_brand":[],"product_cat":[346],"product_tag":[],"class_list":{"0":"post-3604","1":"product","2":"type-product","3":"status-publish","4":"has-post-thumbnail","6":"product_cat-zc-tecnologia","8":"first","9":"instock","10":"shipping-taxable","11":"purchasable","12":"product-type-simple"},"_links":{"self":[{"href":"https:\/\/www.promostore.com.ar\/web\/wp-json\/wp\/v2\/product\/3604","targetHints":{"allow":["GET"]}}],"collection":[{"href":"https:\/\/www.promostore.com.ar\/web\/wp-json\/wp\/v2\/product"}],"about":[{"href":"https:\/\/www.promostore.com.ar\/web\/wp-json\/wp\/v2\/types\/product"}],"replies":[{"embeddable":true,"href":"https:\/\/www.promostore.com.ar\/web\/wp-json\/wp\/v2\/comments?post=3604"}],"wp:featuredmedia":[{"embeddable":true,"href":"https:\/\/www.promostore.com.ar\/web\/wp-json\/wp\/v2\/media\/3605"}],"wp:attachment":[{"href":"https:\/\/www.promostore.com.ar\/web\/wp-json\/wp\/v2\/media?parent=3604"}],"wp:term":[{"taxonomy":"product_brand","embeddable":true,"href":"https:\/\/www.promostore.com.ar\/web\/wp-json\/wp\/v2\/product_brand?post=3604"},{"taxonomy":"product_cat","embeddable":true,"href":"https:\/\/www.promostore.com.ar\/web\/wp-json\/wp\/v2\/product_cat?post=3604"},{"taxonomy":"product_tag","embeddable":true,"href":"https:\/\/www.promostore.com.ar\/web\/wp-json\/wp\/v2\/product_tag?post=3604"}],"curies":[{"name":"wp","href":"https:\/\/api.w.org\/{rel}","templated":true}]}}