{"id":3650,"date":"2026-04-03T05:49:58","date_gmt":"2026-04-03T08:49:58","guid":{"rendered":"https:\/\/www.promostore.com.ar\/web\/producto\/cuaderno-rock\/"},"modified":"2026-04-29T22:49:33","modified_gmt":"2026-04-30T01:49:33","slug":"cuaderno-rock","status":"publish","type":"product","link":"https:\/\/www.promostore.com.ar\/web\/producto\/cuaderno-rock\/","title":{"rendered":"Cuaderno Rock"},"content":{"rendered":"<p>Cuaderno ecol\u00f3gico de tapa dura fabricado en RPET reciclado. Cuenta con 96 hojas lisas color marfil de papel de piedra, de escritura suave, m\u00e1s duradero y resistente que el papel tradicional. Cuenta con banda el\u00e1stica de 6 mm en la tapa, porta bol\u00edgrafo el\u00e1stico de 1,5 cm y cinta se\u00f1aladora. Es ideal para tomar notas en la oficina, la universidad o reuniones corporativas con un estilo profesional y sustentable.<\/p>\n<p>Para la fabricaci\u00f3n de sus hojas no se han talado \u00e1rboles, ya que est\u00e1n elaboradas a partir de polietileno y polvo de piedra, reduciendo el impacto ambiental.<\/p>\n<p>ReUseMe.<\/p>\n\n    <div class=\"xs_social_share_widget xs_share_url after_content \t\tmain_content  wslu-style-1 wslu-share-box-shaped wslu-fill-colored wslu-none wslu-share-horizontal wslu-theme-font-no wslu-main_content\">\n\n\t\t\n        <ul>\n\t\t\t        <\/ul>\n    <\/div> \n","protected":false},"excerpt":{"rendered":"<p>Cuaderno ecol\u00f3gico de tapa dura fabricado en RPET reciclado. Cuenta con 96 hojas lisas color marfil de papel de piedra, de escritura suave, m\u00e1s duradero y resistente que el papel tradicional. Cuenta con banda el\u00e1stica de 6 mm en la tapa, porta bol\u00edgrafo el\u00e1stico de 1,5 cm y cinta se\u00f1aladora. Es ideal para tomar notas en la oficina, la universidad o reuniones corporativas con un estilo profesional y sustentable. Para la fabricaci\u00f3n de sus hojas no se han talado \u00e1rboles, ya que est\u00e1n elaboradas a partir de polietileno y polvo de piedra, reduciendo el impacto ambiental. ReUseMe.<\/p>\n","protected":false},"featured_media":3651,"comment_status":"open","ping_status":"closed","template":"","meta":{"postBodyCss":"","postBodyMargin":[],"postBodyPadding":[],"postBodyBackground":{"backgroundType":"classic","gradient":""}},"product_brand":[],"product_cat":[367],"product_tag":[],"class_list":{"0":"post-3650","1":"product","2":"type-product","3":"status-publish","4":"has-post-thumbnail","6":"product_cat-zc-cuadernos","8":"first","9":"instock","10":"shipping-taxable","11":"purchasable","12":"product-type-simple"},"_links":{"self":[{"href":"https:\/\/www.promostore.com.ar\/web\/wp-json\/wp\/v2\/product\/3650","targetHints":{"allow":["GET"]}}],"collection":[{"href":"https:\/\/www.promostore.com.ar\/web\/wp-json\/wp\/v2\/product"}],"about":[{"href":"https:\/\/www.promostore.com.ar\/web\/wp-json\/wp\/v2\/types\/product"}],"replies":[{"embeddable":true,"href":"https:\/\/www.promostore.com.ar\/web\/wp-json\/wp\/v2\/comments?post=3650"}],"wp:featuredmedia":[{"embeddable":true,"href":"https:\/\/www.promostore.com.ar\/web\/wp-json\/wp\/v2\/media\/3651"}],"wp:attachment":[{"href":"https:\/\/www.promostore.com.ar\/web\/wp-json\/wp\/v2\/media?parent=3650"}],"wp:term":[{"taxonomy":"product_brand","embeddable":true,"href":"https:\/\/www.promostore.com.ar\/web\/wp-json\/wp\/v2\/product_brand?post=3650"},{"taxonomy":"product_cat","embeddable":true,"href":"https:\/\/www.promostore.com.ar\/web\/wp-json\/wp\/v2\/product_cat?post=3650"},{"taxonomy":"product_tag","embeddable":true,"href":"https:\/\/www.promostore.com.ar\/web\/wp-json\/wp\/v2\/product_tag?post=3650"}],"curies":[{"name":"wp","href":"https:\/\/api.w.org\/{rel}","templated":true}]}}