{"id":3820,"date":"2026-04-03T06:50:48","date_gmt":"2026-04-03T09:50:48","guid":{"rendered":"https:\/\/www.promostore.com.ar\/web\/producto\/set-camel\/"},"modified":"2026-04-30T00:49:42","modified_gmt":"2026-04-30T03:49:42","slug":"set-camel","status":"publish","type":"product","link":"https:\/\/www.promostore.com.ar\/web\/producto\/set-camel\/","title":{"rendered":"Set Camel"},"content":{"rendered":"<p>Cuaderno A5 de tapa dura hecho de corcho natural y tela ecol\u00f3gica. Fabricado con materiales sostenibles como corcho, algod\u00f3n y papel reciclado, cuenta con marcador de cinta, soporte para bol\u00edgrafo y bol\u00edgrafo incluido con cuerpo de papel envuelto en corcho y detalles en fibra de trigo. Es ideal para tomar notas en reuniones, estudios, planificaci\u00f3n diaria o como regalo corporativo con conciencia ecol\u00f3gica.<\/p>\n<p>Dimensiones: 140 x 210 mm<\/p>\n<p>Reuseme.<\/p>\n\n    <div class=\"xs_social_share_widget xs_share_url after_content \t\tmain_content  wslu-style-1 wslu-share-box-shaped wslu-fill-colored wslu-none wslu-share-horizontal wslu-theme-font-no wslu-main_content\">\n\n\t\t\n        <ul>\n\t\t\t        <\/ul>\n    <\/div> \n","protected":false},"excerpt":{"rendered":"<p>Cuaderno A5 de tapa dura hecho de corcho natural y tela ecol\u00f3gica. Fabricado con materiales sostenibles como corcho, algod\u00f3n y papel reciclado, cuenta con marcador de cinta, soporte para bol\u00edgrafo y bol\u00edgrafo incluido con cuerpo de papel envuelto en corcho y detalles en fibra de trigo. Es ideal para tomar notas en reuniones, estudios, planificaci\u00f3n diaria o como regalo corporativo con conciencia ecol\u00f3gica. Dimensiones: 140 x 210 mm Reuseme.<\/p>\n","protected":false},"featured_media":3821,"comment_status":"open","ping_status":"closed","template":"","meta":{"postBodyCss":"","postBodyMargin":[],"postBodyPadding":[],"postBodyBackground":{"backgroundType":"classic","gradient":""}},"product_brand":[],"product_cat":[367],"product_tag":[],"class_list":{"0":"post-3820","1":"product","2":"type-product","3":"status-publish","4":"has-post-thumbnail","6":"product_cat-zc-cuadernos","8":"first","9":"instock","10":"shipping-taxable","11":"purchasable","12":"product-type-simple"},"_links":{"self":[{"href":"https:\/\/www.promostore.com.ar\/web\/wp-json\/wp\/v2\/product\/3820","targetHints":{"allow":["GET"]}}],"collection":[{"href":"https:\/\/www.promostore.com.ar\/web\/wp-json\/wp\/v2\/product"}],"about":[{"href":"https:\/\/www.promostore.com.ar\/web\/wp-json\/wp\/v2\/types\/product"}],"replies":[{"embeddable":true,"href":"https:\/\/www.promostore.com.ar\/web\/wp-json\/wp\/v2\/comments?post=3820"}],"wp:featuredmedia":[{"embeddable":true,"href":"https:\/\/www.promostore.com.ar\/web\/wp-json\/wp\/v2\/media\/3821"}],"wp:attachment":[{"href":"https:\/\/www.promostore.com.ar\/web\/wp-json\/wp\/v2\/media?parent=3820"}],"wp:term":[{"taxonomy":"product_brand","embeddable":true,"href":"https:\/\/www.promostore.com.ar\/web\/wp-json\/wp\/v2\/product_brand?post=3820"},{"taxonomy":"product_cat","embeddable":true,"href":"https:\/\/www.promostore.com.ar\/web\/wp-json\/wp\/v2\/product_cat?post=3820"},{"taxonomy":"product_tag","embeddable":true,"href":"https:\/\/www.promostore.com.ar\/web\/wp-json\/wp\/v2\/product_tag?post=3820"}],"curies":[{"name":"wp","href":"https:\/\/api.w.org\/{rel}","templated":true}]}}