{"id":3921,"date":"2026-04-03T08:51:26","date_gmt":"2026-04-03T11:51:26","guid":{"rendered":"https:\/\/www.promostore.com.ar\/web\/producto\/tote-net\/"},"modified":"2026-04-18T09:50:43","modified_gmt":"2026-04-18T12:50:43","slug":"tote-net","status":"publish","type":"product","link":"https:\/\/www.promostore.com.ar\/web\/producto\/tote-net\/","title":{"rendered":"Tote Net"},"content":{"rendered":"<p>Bolso tote vers\u00e1til y resistente, ideal para el d\u00eda a d\u00eda o compras sostenibles. Est\u00e1 fabricado con malla RPET y poli\u00e9ster 600D, materiales reciclados y duraderos. Cuenta con un amplio compartimento principal, asas reforzadas para mayor comodidad y resistencia, estructura ligera que facilita el transporte, y dise\u00f1o de red que combina estilo moderno con practicidad. Es ideal para llevar compras, usar en la playa, transportar art\u00edculos del gimnasio o como bolso diario, ofreciendo una opci\u00f3n ecol\u00f3gica, pr\u00e1ctica y elegante.<br \/>\nReUseMe<\/p>\n\n    <div class=\"xs_social_share_widget xs_share_url after_content \t\tmain_content  wslu-style-1 wslu-share-box-shaped wslu-fill-colored wslu-none wslu-share-horizontal wslu-theme-font-no wslu-main_content\">\n\n\t\t\n        <ul>\n\t\t\t        <\/ul>\n    <\/div> \n","protected":false},"excerpt":{"rendered":"<p>Bolso tote vers\u00e1til y resistente, ideal para el d\u00eda a d\u00eda o compras sostenibles. Est\u00e1 fabricado con malla RPET y poli\u00e9ster 600D, materiales reciclados y duraderos. Cuenta con un amplio compartimento principal, asas reforzadas para mayor comodidad y resistencia, estructura ligera que facilita el transporte, y dise\u00f1o de red que combina estilo moderno con practicidad. Es ideal para llevar compras, usar en la playa, transportar art\u00edculos del gimnasio o como bolso diario, ofreciendo una opci\u00f3n ecol\u00f3gica, pr\u00e1ctica y elegante. ReUseMe<\/p>\n","protected":false},"featured_media":3922,"comment_status":"open","ping_status":"closed","template":"","meta":{"postBodyCss":"","postBodyMargin":[],"postBodyPadding":[],"postBodyBackground":{"backgroundType":"classic","gradient":""}},"product_brand":[],"product_cat":[316],"product_tag":[],"class_list":{"0":"post-3921","1":"product","2":"type-product","3":"status-publish","4":"has-post-thumbnail","6":"product_cat-sin-categorizar","8":"first","9":"instock","10":"shipping-taxable","11":"purchasable","12":"product-type-simple"},"_links":{"self":[{"href":"https:\/\/www.promostore.com.ar\/web\/wp-json\/wp\/v2\/product\/3921","targetHints":{"allow":["GET"]}}],"collection":[{"href":"https:\/\/www.promostore.com.ar\/web\/wp-json\/wp\/v2\/product"}],"about":[{"href":"https:\/\/www.promostore.com.ar\/web\/wp-json\/wp\/v2\/types\/product"}],"replies":[{"embeddable":true,"href":"https:\/\/www.promostore.com.ar\/web\/wp-json\/wp\/v2\/comments?post=3921"}],"wp:featuredmedia":[{"embeddable":true,"href":"https:\/\/www.promostore.com.ar\/web\/wp-json\/wp\/v2\/media\/3922"}],"wp:attachment":[{"href":"https:\/\/www.promostore.com.ar\/web\/wp-json\/wp\/v2\/media?parent=3921"}],"wp:term":[{"taxonomy":"product_brand","embeddable":true,"href":"https:\/\/www.promostore.com.ar\/web\/wp-json\/wp\/v2\/product_brand?post=3921"},{"taxonomy":"product_cat","embeddable":true,"href":"https:\/\/www.promostore.com.ar\/web\/wp-json\/wp\/v2\/product_cat?post=3921"},{"taxonomy":"product_tag","embeddable":true,"href":"https:\/\/www.promostore.com.ar\/web\/wp-json\/wp\/v2\/product_tag?post=3921"}],"curies":[{"name":"wp","href":"https:\/\/api.w.org\/{rel}","templated":true}]}}