{"id":3977,"date":"2026-04-03T08:51:52","date_gmt":"2026-04-03T11:51:52","guid":{"rendered":"https:\/\/www.promostore.com.ar\/web\/producto\/mate-amancay-calabaza-pie\/"},"modified":"2026-05-02T07:49:52","modified_gmt":"2026-05-02T10:49:52","slug":"mate-amancay-calabaza-pie","status":"publish","type":"product","link":"https:\/\/www.promostore.com.ar\/web\/producto\/mate-amancay-calabaza-pie\/","title":{"rendered":"Mate Amancay (calabaza + pie)"},"content":{"rendered":"<p>Mate de calabaza natural dedicadamente seleccionada y pulida, montada sobre un pie de acero niquelado. Su base met\u00e1lica eleva y estabiliza el mate, aportando un toque distintivo ideal tanto para uso diario como para presentaciones corporativas. Incluye bombilla de acero inoxidable con resorte y una bolsa de algod\u00f3n de 20 x 20cm. <\/p>\n<p>Al estar fabricado con materiales naturales, el producto puede presentar variaciones en color y tama\u00f1o.<\/p>\n<p>Especificaciones:<br \/>\n&#8211; Capacidad de yerba: 30 a 50gr<br \/>\n&#8211; Material: Calabaza natural + acero niquelado<br \/>\n&#8211; Medida boca: 9.5cm<br \/>\n&#8211; Altura: 11.5cm<br \/>\n&#8211; Peso: 75gr<\/p>\n<p>Proceso de curado:<br \/>\n1. Llen\u00e1 el mate con yerba nueva hasta el borde del metal o el final de la calabaza.<br \/>\n2. Humedec\u00e9 la yerba con agua tibia, asegur\u00e1ndote de que quede bien h\u00fameda.<br \/>\n3. Dej\u00e1 reposar durante 24hs.<br \/>\n4. Retir\u00e1 la yerba con una cuchara.<br \/>\n5. Repet\u00ed los pasos anteriores 4 veces m\u00e1s.<br \/>\n6. Una vez finalizado, dej\u00e1 secar completamente en un lugar ventilado o con sol.<\/p>\n<p>Pampa Spirit.<\/p>\n\n    <div class=\"xs_social_share_widget xs_share_url after_content \t\tmain_content  wslu-style-1 wslu-share-box-shaped wslu-fill-colored wslu-none wslu-share-horizontal wslu-theme-font-no wslu-main_content\">\n\n\t\t\n        <ul>\n\t\t\t        <\/ul>\n    <\/div> \n","protected":false},"excerpt":{"rendered":"<p>Mate de calabaza natural dedicadamente seleccionada y pulida, montada sobre un pie de acero niquelado. Su base met\u00e1lica eleva y estabiliza el mate, aportando un toque distintivo ideal tanto para uso diario como para presentaciones corporativas. Incluye bombilla de acero inoxidable con resorte y una bolsa de algod\u00f3n de 20 x 20cm. Al estar fabricado con materiales naturales, el producto puede presentar variaciones en color y tama\u00f1o. Especificaciones: &#8211; Capacidad de yerba: 30 a 50gr &#8211; Material: Calabaza natural + acero niquelado &#8211; Medida boca: 9.5cm &#8211; Altura: 11.5cm &#8211; Peso: 75gr Proceso de curado: 1. Llen\u00e1 el mate con yerba nueva hasta el borde del metal o el final de la calabaza. 2. Humedec\u00e9 la yerba con agua tibia, asegur\u00e1ndote de que quede bien h\u00fameda. 3. Dej\u00e1 reposar durante 24hs. 4. Retir\u00e1 la yerba con una cuchara. 5. Repet\u00ed los pasos anteriores 4 veces m\u00e1s. 6. Una vez finalizado, dej\u00e1 secar completamente en un lugar ventilado o con sol. Pampa Spirit.<\/p>\n","protected":false},"featured_media":3978,"comment_status":"open","ping_status":"closed","template":"","meta":{"postBodyCss":"","postBodyMargin":[],"postBodyPadding":[],"postBodyBackground":{"backgroundType":"classic","gradient":""}},"product_brand":[],"product_cat":[365],"product_tag":[],"class_list":{"0":"post-3977","1":"product","2":"type-product","3":"status-publish","4":"has-post-thumbnail","6":"product_cat-zc-2026-reingresos","8":"first","9":"instock","10":"shipping-taxable","11":"purchasable","12":"product-type-simple"},"_links":{"self":[{"href":"https:\/\/www.promostore.com.ar\/web\/wp-json\/wp\/v2\/product\/3977","targetHints":{"allow":["GET"]}}],"collection":[{"href":"https:\/\/www.promostore.com.ar\/web\/wp-json\/wp\/v2\/product"}],"about":[{"href":"https:\/\/www.promostore.com.ar\/web\/wp-json\/wp\/v2\/types\/product"}],"replies":[{"embeddable":true,"href":"https:\/\/www.promostore.com.ar\/web\/wp-json\/wp\/v2\/comments?post=3977"}],"wp:featuredmedia":[{"embeddable":true,"href":"https:\/\/www.promostore.com.ar\/web\/wp-json\/wp\/v2\/media\/3978"}],"wp:attachment":[{"href":"https:\/\/www.promostore.com.ar\/web\/wp-json\/wp\/v2\/media?parent=3977"}],"wp:term":[{"taxonomy":"product_brand","embeddable":true,"href":"https:\/\/www.promostore.com.ar\/web\/wp-json\/wp\/v2\/product_brand?post=3977"},{"taxonomy":"product_cat","embeddable":true,"href":"https:\/\/www.promostore.com.ar\/web\/wp-json\/wp\/v2\/product_cat?post=3977"},{"taxonomy":"product_tag","embeddable":true,"href":"https:\/\/www.promostore.com.ar\/web\/wp-json\/wp\/v2\/product_tag?post=3977"}],"curies":[{"name":"wp","href":"https:\/\/api.w.org\/{rel}","templated":true}]}}