{"id":3995,"date":"2026-04-03T08:52:00","date_gmt":"2026-04-03T11:52:00","guid":{"rendered":"https:\/\/www.promostore.com.ar\/web\/producto\/maletin-ocean\/"},"modified":"2026-04-29T20:50:00","modified_gmt":"2026-04-29T23:50:00","slug":"maletin-ocean","status":"publish","type":"product","link":"https:\/\/www.promostore.com.ar\/web\/producto\/maletin-ocean\/","title":{"rendered":"Maletin Ocean"},"content":{"rendered":"<p>Malet\u00edn para ordenador fabricado con OceanGuard\u2122, un tejido resistente elaborado a partir de pl\u00e1stico oce\u00e1nico reciclado con certificaci\u00f3n OceanCycle. Cuenta con funda acolchada para laptop de hasta 16&#8243;, bolsillo interior y frontal ambos con cierre, correa para maletas con ruedas y correa para el hombro extra\u00edble incluida.  Es ideal para desplazamientos diarios, trabajo remoto o transporte diario, ya que es ligero, duradero y resistente al agua, creado para ayudar a proteger nuestros oc\u00e9anos.<\/p>\n<p>Capacidad: 14 litros<\/p>\n<p>Chili Concept<\/p>\n\n    <div class=\"xs_social_share_widget xs_share_url after_content \t\tmain_content  wslu-style-1 wslu-share-box-shaped wslu-fill-colored wslu-none wslu-share-horizontal wslu-theme-font-no wslu-main_content\">\n\n\t\t\n        <ul>\n\t\t\t        <\/ul>\n    <\/div> \n","protected":false},"excerpt":{"rendered":"<p>Malet\u00edn para ordenador fabricado con OceanGuard\u2122, un tejido resistente elaborado a partir de pl\u00e1stico oce\u00e1nico reciclado con certificaci\u00f3n OceanCycle. Cuenta con funda acolchada para laptop de hasta 16&#8243;, bolsillo interior y frontal ambos con cierre, correa para maletas con ruedas y correa para el hombro extra\u00edble incluida. Es ideal para desplazamientos diarios, trabajo remoto o transporte diario, ya que es ligero, duradero y resistente al agua, creado para ayudar a proteger nuestros oc\u00e9anos. Capacidad: 14 litros Chili Concept<\/p>\n","protected":false},"featured_media":3996,"comment_status":"open","ping_status":"closed","template":"","meta":{"postBodyCss":"","postBodyMargin":[],"postBodyPadding":[],"postBodyBackground":{"backgroundType":"classic","gradient":""}},"product_brand":[],"product_cat":[347],"product_tag":[],"class_list":{"0":"post-3995","1":"product","2":"type-product","3":"status-publish","4":"has-post-thumbnail","6":"product_cat-zc-viajes","8":"first","9":"instock","10":"shipping-taxable","11":"purchasable","12":"product-type-simple"},"_links":{"self":[{"href":"https:\/\/www.promostore.com.ar\/web\/wp-json\/wp\/v2\/product\/3995","targetHints":{"allow":["GET"]}}],"collection":[{"href":"https:\/\/www.promostore.com.ar\/web\/wp-json\/wp\/v2\/product"}],"about":[{"href":"https:\/\/www.promostore.com.ar\/web\/wp-json\/wp\/v2\/types\/product"}],"replies":[{"embeddable":true,"href":"https:\/\/www.promostore.com.ar\/web\/wp-json\/wp\/v2\/comments?post=3995"}],"wp:featuredmedia":[{"embeddable":true,"href":"https:\/\/www.promostore.com.ar\/web\/wp-json\/wp\/v2\/media\/3996"}],"wp:attachment":[{"href":"https:\/\/www.promostore.com.ar\/web\/wp-json\/wp\/v2\/media?parent=3995"}],"wp:term":[{"taxonomy":"product_brand","embeddable":true,"href":"https:\/\/www.promostore.com.ar\/web\/wp-json\/wp\/v2\/product_brand?post=3995"},{"taxonomy":"product_cat","embeddable":true,"href":"https:\/\/www.promostore.com.ar\/web\/wp-json\/wp\/v2\/product_cat?post=3995"},{"taxonomy":"product_tag","embeddable":true,"href":"https:\/\/www.promostore.com.ar\/web\/wp-json\/wp\/v2\/product_tag?post=3995"}],"curies":[{"name":"wp","href":"https:\/\/api.w.org\/{rel}","templated":true}]}}