{"id":4003,"date":"2026-04-03T08:52:04","date_gmt":"2026-04-03T11:52:04","guid":{"rendered":"https:\/\/www.promostore.com.ar\/web\/producto\/power-bank-odeon\/"},"modified":"2026-04-29T20:50:00","modified_gmt":"2026-04-29T23:50:00","slug":"power-bank-odeon","status":"publish","type":"product","link":"https:\/\/www.promostore.com.ar\/web\/producto\/power-bank-odeon\/","title":{"rendered":"Power Bank Odeon"},"content":{"rendered":"<p>Cargador port\u00e1til ultradelgado fabricado en aluminio con bater\u00eda de pol\u00edmero de litio. Cuenta con dos salidas USB-A y entrada Tipo-C de 5V\/2A (10W), incluye cable USB-A a USB-C y posee indicador LED para monitoreo de carga. Es ideal para quienes buscan un accesorio liviano y sofisticado para cargar hasta dos dispositivos en simult\u00e1neo, perfecto para el trabajo, viajes o uso diario.<\/p>\n<p>Capacidad: 4000 mAh<\/p>\n<p>Kingtech<\/p>\n\n    <div class=\"xs_social_share_widget xs_share_url after_content \t\tmain_content  wslu-style-1 wslu-share-box-shaped wslu-fill-colored wslu-none wslu-share-horizontal wslu-theme-font-no wslu-main_content\">\n\n\t\t\n        <ul>\n\t\t\t        <\/ul>\n    <\/div> \n","protected":false},"excerpt":{"rendered":"<p>Cargador port\u00e1til ultradelgado fabricado en aluminio con bater\u00eda de pol\u00edmero de litio. Cuenta con dos salidas USB-A y entrada Tipo-C de 5V\/2A (10W), incluye cable USB-A a USB-C y posee indicador LED para monitoreo de carga. Es ideal para quienes buscan un accesorio liviano y sofisticado para cargar hasta dos dispositivos en simult\u00e1neo, perfecto para el trabajo, viajes o uso diario. Capacidad: 4000 mAh Kingtech<\/p>\n","protected":false},"featured_media":4004,"comment_status":"open","ping_status":"closed","template":"","meta":{"postBodyCss":"","postBodyMargin":[],"postBodyPadding":[],"postBodyBackground":{"backgroundType":"classic","gradient":""}},"product_brand":[],"product_cat":[346],"product_tag":[],"class_list":{"0":"post-4003","1":"product","2":"type-product","3":"status-publish","4":"has-post-thumbnail","6":"product_cat-zc-tecnologia","8":"first","9":"instock","10":"shipping-taxable","11":"purchasable","12":"product-type-simple"},"_links":{"self":[{"href":"https:\/\/www.promostore.com.ar\/web\/wp-json\/wp\/v2\/product\/4003","targetHints":{"allow":["GET"]}}],"collection":[{"href":"https:\/\/www.promostore.com.ar\/web\/wp-json\/wp\/v2\/product"}],"about":[{"href":"https:\/\/www.promostore.com.ar\/web\/wp-json\/wp\/v2\/types\/product"}],"replies":[{"embeddable":true,"href":"https:\/\/www.promostore.com.ar\/web\/wp-json\/wp\/v2\/comments?post=4003"}],"wp:featuredmedia":[{"embeddable":true,"href":"https:\/\/www.promostore.com.ar\/web\/wp-json\/wp\/v2\/media\/4004"}],"wp:attachment":[{"href":"https:\/\/www.promostore.com.ar\/web\/wp-json\/wp\/v2\/media?parent=4003"}],"wp:term":[{"taxonomy":"product_brand","embeddable":true,"href":"https:\/\/www.promostore.com.ar\/web\/wp-json\/wp\/v2\/product_brand?post=4003"},{"taxonomy":"product_cat","embeddable":true,"href":"https:\/\/www.promostore.com.ar\/web\/wp-json\/wp\/v2\/product_cat?post=4003"},{"taxonomy":"product_tag","embeddable":true,"href":"https:\/\/www.promostore.com.ar\/web\/wp-json\/wp\/v2\/product_tag?post=4003"}],"curies":[{"name":"wp","href":"https:\/\/api.w.org\/{rel}","templated":true}]}}