{"id":4007,"date":"2026-04-03T08:52:05","date_gmt":"2026-04-03T11:52:05","guid":{"rendered":"https:\/\/www.promostore.com.ar\/web\/producto\/power-bank-tron\/"},"modified":"2026-04-29T20:50:00","modified_gmt":"2026-04-29T23:50:00","slug":"power-bank-tron","status":"publish","type":"product","link":"https:\/\/www.promostore.com.ar\/web\/producto\/power-bank-tron\/","title":{"rendered":"Power Bank Tron"},"content":{"rendered":"<p>Cargador port\u00e1til con dise\u00f1o ultradelgado fabricado en aluminio y ABS, con bater\u00eda de pol\u00edmero de litio. Cuenta con entrada y salida Tipo-C con carga r\u00e1pida hasta 20W, y tecnolog\u00eda de carga inal\u00e1mbrica con salidas de hasta 15W, compatible con m\u00faltiples dispositivos. Incluye cable USB a Tipo-C. Es ideal para usuarios modernos que buscan una soluci\u00f3n vers\u00e1til y veloz para cargar celulares y accesorios en movimiento sin necesidad de cables.<\/p>\n<p>Capacidad: 5000 mAh<\/p>\n<p>Kingtech<\/p>\n\n    <div class=\"xs_social_share_widget xs_share_url after_content \t\tmain_content  wslu-style-1 wslu-share-box-shaped wslu-fill-colored wslu-none wslu-share-horizontal wslu-theme-font-no wslu-main_content\">\n\n\t\t\n        <ul>\n\t\t\t        <\/ul>\n    <\/div> \n","protected":false},"excerpt":{"rendered":"<p>Cargador port\u00e1til con dise\u00f1o ultradelgado fabricado en aluminio y ABS, con bater\u00eda de pol\u00edmero de litio. Cuenta con entrada y salida Tipo-C con carga r\u00e1pida hasta 20W, y tecnolog\u00eda de carga inal\u00e1mbrica con salidas de hasta 15W, compatible con m\u00faltiples dispositivos. Incluye cable USB a Tipo-C. Es ideal para usuarios modernos que buscan una soluci\u00f3n vers\u00e1til y veloz para cargar celulares y accesorios en movimiento sin necesidad de cables. Capacidad: 5000 mAh Kingtech<\/p>\n","protected":false},"featured_media":4008,"comment_status":"open","ping_status":"closed","template":"","meta":{"postBodyCss":"","postBodyMargin":[],"postBodyPadding":[],"postBodyBackground":{"backgroundType":"classic","gradient":""}},"product_brand":[],"product_cat":[352],"product_tag":[],"class_list":{"0":"post-4007","1":"product","2":"type-product","3":"status-publish","4":"has-post-thumbnail","6":"product_cat-zc-2026-dia-del-padre","8":"first","9":"instock","10":"shipping-taxable","11":"purchasable","12":"product-type-simple"},"_links":{"self":[{"href":"https:\/\/www.promostore.com.ar\/web\/wp-json\/wp\/v2\/product\/4007","targetHints":{"allow":["GET"]}}],"collection":[{"href":"https:\/\/www.promostore.com.ar\/web\/wp-json\/wp\/v2\/product"}],"about":[{"href":"https:\/\/www.promostore.com.ar\/web\/wp-json\/wp\/v2\/types\/product"}],"replies":[{"embeddable":true,"href":"https:\/\/www.promostore.com.ar\/web\/wp-json\/wp\/v2\/comments?post=4007"}],"wp:featuredmedia":[{"embeddable":true,"href":"https:\/\/www.promostore.com.ar\/web\/wp-json\/wp\/v2\/media\/4008"}],"wp:attachment":[{"href":"https:\/\/www.promostore.com.ar\/web\/wp-json\/wp\/v2\/media?parent=4007"}],"wp:term":[{"taxonomy":"product_brand","embeddable":true,"href":"https:\/\/www.promostore.com.ar\/web\/wp-json\/wp\/v2\/product_brand?post=4007"},{"taxonomy":"product_cat","embeddable":true,"href":"https:\/\/www.promostore.com.ar\/web\/wp-json\/wp\/v2\/product_cat?post=4007"},{"taxonomy":"product_tag","embeddable":true,"href":"https:\/\/www.promostore.com.ar\/web\/wp-json\/wp\/v2\/product_tag?post=4007"}],"curies":[{"name":"wp","href":"https:\/\/api.w.org\/{rel}","templated":true}]}}