{"id":4009,"date":"2026-04-03T08:52:06","date_gmt":"2026-04-03T11:52:06","guid":{"rendered":"https:\/\/www.promostore.com.ar\/web\/producto\/caja-plegable\/"},"modified":"2026-04-29T20:50:00","modified_gmt":"2026-04-29T23:50:00","slug":"caja-plegable","status":"publish","type":"product","link":"https:\/\/www.promostore.com.ar\/web\/producto\/caja-plegable\/","title":{"rendered":"Caja Plegable"},"content":{"rendered":"<p>Caja plegable de cart\u00f3n laminado mate en color negro, fabricada con materiales resistentes y dise\u00f1o estructural reforzado. Cuenta con cierre magn\u00e9tico, esquinas con cinta adhesiva doble faz transparente para poder armarla y dise\u00f1o plano que permite f\u00e1cil almacenamiento y armado. Es ideal para presentaciones de productos, embalaje premium o uso como contenedor organizador en oficinas o eventos.<\/p>\n<p>Tahg<\/p>\n\n    <div class=\"xs_social_share_widget xs_share_url after_content \t\tmain_content  wslu-style-1 wslu-share-box-shaped wslu-fill-colored wslu-none wslu-share-horizontal wslu-theme-font-no wslu-main_content\">\n\n\t\t\n        <ul>\n\t\t\t        <\/ul>\n    <\/div> \n","protected":false},"excerpt":{"rendered":"<p>Caja plegable de cart\u00f3n laminado mate en color negro, fabricada con materiales resistentes y dise\u00f1o estructural reforzado. Cuenta con cierre magn\u00e9tico, esquinas con cinta adhesiva doble faz transparente para poder armarla y dise\u00f1o plano que permite f\u00e1cil almacenamiento y armado. Es ideal para presentaciones de productos, embalaje premium o uso como contenedor organizador en oficinas o eventos. Tahg<\/p>\n","protected":false},"featured_media":4010,"comment_status":"open","ping_status":"closed","template":"","meta":{"postBodyCss":"","postBodyMargin":[],"postBodyPadding":[],"postBodyBackground":{"backgroundType":"classic","gradient":""}},"product_brand":[],"product_cat":[364],"product_tag":[],"class_list":{"0":"post-4009","1":"product","2":"type-product","3":"status-publish","4":"has-post-thumbnail","6":"product_cat-zc-escritorio","8":"first","9":"instock","10":"shipping-taxable","11":"purchasable","12":"product-type-simple"},"_links":{"self":[{"href":"https:\/\/www.promostore.com.ar\/web\/wp-json\/wp\/v2\/product\/4009","targetHints":{"allow":["GET"]}}],"collection":[{"href":"https:\/\/www.promostore.com.ar\/web\/wp-json\/wp\/v2\/product"}],"about":[{"href":"https:\/\/www.promostore.com.ar\/web\/wp-json\/wp\/v2\/types\/product"}],"replies":[{"embeddable":true,"href":"https:\/\/www.promostore.com.ar\/web\/wp-json\/wp\/v2\/comments?post=4009"}],"wp:featuredmedia":[{"embeddable":true,"href":"https:\/\/www.promostore.com.ar\/web\/wp-json\/wp\/v2\/media\/4010"}],"wp:attachment":[{"href":"https:\/\/www.promostore.com.ar\/web\/wp-json\/wp\/v2\/media?parent=4009"}],"wp:term":[{"taxonomy":"product_brand","embeddable":true,"href":"https:\/\/www.promostore.com.ar\/web\/wp-json\/wp\/v2\/product_brand?post=4009"},{"taxonomy":"product_cat","embeddable":true,"href":"https:\/\/www.promostore.com.ar\/web\/wp-json\/wp\/v2\/product_cat?post=4009"},{"taxonomy":"product_tag","embeddable":true,"href":"https:\/\/www.promostore.com.ar\/web\/wp-json\/wp\/v2\/product_tag?post=4009"}],"curies":[{"name":"wp","href":"https:\/\/api.w.org\/{rel}","templated":true}]}}