{"id":4025,"date":"2026-04-03T09:50:40","date_gmt":"2026-04-03T12:50:40","guid":{"rendered":"https:\/\/www.promostore.com.ar\/web\/producto\/bombilla-caviahue\/"},"modified":"2026-04-18T07:52:51","modified_gmt":"2026-04-18T10:52:51","slug":"bombilla-caviahue","status":"publish","type":"product","link":"https:\/\/www.promostore.com.ar\/web\/producto\/bombilla-caviahue\/","title":{"rendered":"Bombilla Caviahue"},"content":{"rendered":"<p>Bombilla reutilizable de acero inoxidable, fabricada en acero SS304 con recubrimiento black powder coated en la parte superior. Cuenta con pico curvo para un mejor \u00e1ngulo de consumo y filtro desmontable tipo pala con perforaciones m\u00faltiples. Es ideal para acompa\u00f1ar cualquier mate con estilo y practicidad, brindando una experiencia c\u00f3moda y duradera tanto en interiores como exteriores.<\/p>\n<p>Pampero<\/p>\n\n    <div class=\"xs_social_share_widget xs_share_url after_content \t\tmain_content  wslu-style-1 wslu-share-box-shaped wslu-fill-colored wslu-none wslu-share-horizontal wslu-theme-font-no wslu-main_content\">\n\n\t\t\n        <ul>\n\t\t\t        <\/ul>\n    <\/div> \n","protected":false},"excerpt":{"rendered":"<p>Bombilla reutilizable de acero inoxidable, fabricada en acero SS304 con recubrimiento black powder coated en la parte superior. Cuenta con pico curvo para un mejor \u00e1ngulo de consumo y filtro desmontable tipo pala con perforaciones m\u00faltiples. Es ideal para acompa\u00f1ar cualquier mate con estilo y practicidad, brindando una experiencia c\u00f3moda y duradera tanto en interiores como exteriores. Pampero<\/p>\n","protected":false},"featured_media":4026,"comment_status":"open","ping_status":"closed","template":"","meta":{"postBodyCss":"","postBodyMargin":[],"postBodyPadding":[],"postBodyBackground":{"backgroundType":"classic","gradient":""}},"product_brand":[],"product_cat":[316],"product_tag":[],"class_list":{"0":"post-4025","1":"product","2":"type-product","3":"status-publish","4":"has-post-thumbnail","6":"product_cat-sin-categorizar","8":"first","9":"instock","10":"shipping-taxable","11":"purchasable","12":"product-type-simple"},"_links":{"self":[{"href":"https:\/\/www.promostore.com.ar\/web\/wp-json\/wp\/v2\/product\/4025","targetHints":{"allow":["GET"]}}],"collection":[{"href":"https:\/\/www.promostore.com.ar\/web\/wp-json\/wp\/v2\/product"}],"about":[{"href":"https:\/\/www.promostore.com.ar\/web\/wp-json\/wp\/v2\/types\/product"}],"replies":[{"embeddable":true,"href":"https:\/\/www.promostore.com.ar\/web\/wp-json\/wp\/v2\/comments?post=4025"}],"wp:featuredmedia":[{"embeddable":true,"href":"https:\/\/www.promostore.com.ar\/web\/wp-json\/wp\/v2\/media\/4026"}],"wp:attachment":[{"href":"https:\/\/www.promostore.com.ar\/web\/wp-json\/wp\/v2\/media?parent=4025"}],"wp:term":[{"taxonomy":"product_brand","embeddable":true,"href":"https:\/\/www.promostore.com.ar\/web\/wp-json\/wp\/v2\/product_brand?post=4025"},{"taxonomy":"product_cat","embeddable":true,"href":"https:\/\/www.promostore.com.ar\/web\/wp-json\/wp\/v2\/product_cat?post=4025"},{"taxonomy":"product_tag","embeddable":true,"href":"https:\/\/www.promostore.com.ar\/web\/wp-json\/wp\/v2\/product_tag?post=4025"}],"curies":[{"name":"wp","href":"https:\/\/api.w.org\/{rel}","templated":true}]}}