{"id":4273,"date":"2026-04-27T11:54:07","date_gmt":"2026-04-27T14:54:07","guid":{"rendered":"https:\/\/www.promostore.com.ar\/web\/producto\/porta-objetos-square\/"},"modified":"2026-04-29T16:50:47","modified_gmt":"2026-04-29T19:50:47","slug":"porta-objetos-square","status":"publish","type":"product","link":"https:\/\/www.promostore.com.ar\/web\/producto\/porta-objetos-square\/","title":{"rendered":"Porta Objetos SQUARE"},"content":{"rendered":"<p>Porta objetos fabricado en poli\u00e9ster 300D bicolor. Cuenta con cierre y gancho pl\u00e1stico. Es ideal para llevar peque\u00f1os accesorios o efectivo.<br \/>\nTahg.<\/p>\n<p>Imagen Ilustrativa, no incluye elementos adicionales.<\/p>\n\n    <div class=\"xs_social_share_widget xs_share_url after_content \t\tmain_content  wslu-style-1 wslu-share-box-shaped wslu-fill-colored wslu-none wslu-share-horizontal wslu-theme-font-no wslu-main_content\">\n\n\t\t\n        <ul>\n\t\t\t        <\/ul>\n    <\/div> \n","protected":false},"excerpt":{"rendered":"<p>Porta objetos fabricado en poli\u00e9ster 300D bicolor. Cuenta con cierre y gancho pl\u00e1stico. Es ideal para llevar peque\u00f1os accesorios o efectivo. Tahg. Imagen Ilustrativa, no incluye elementos adicionales.<\/p>\n","protected":false},"featured_media":4274,"comment_status":"open","ping_status":"closed","template":"","meta":{"postBodyCss":"","postBodyMargin":[],"postBodyPadding":[],"postBodyBackground":{"backgroundType":"classic","gradient":""}},"product_brand":[],"product_cat":[348],"product_tag":[],"class_list":{"0":"post-4273","1":"product","2":"type-product","3":"status-publish","4":"has-post-thumbnail","6":"product_cat-zc-proximos-arribos","8":"first","9":"instock","10":"shipping-taxable","11":"purchasable","12":"product-type-simple"},"_links":{"self":[{"href":"https:\/\/www.promostore.com.ar\/web\/wp-json\/wp\/v2\/product\/4273","targetHints":{"allow":["GET"]}}],"collection":[{"href":"https:\/\/www.promostore.com.ar\/web\/wp-json\/wp\/v2\/product"}],"about":[{"href":"https:\/\/www.promostore.com.ar\/web\/wp-json\/wp\/v2\/types\/product"}],"replies":[{"embeddable":true,"href":"https:\/\/www.promostore.com.ar\/web\/wp-json\/wp\/v2\/comments?post=4273"}],"wp:featuredmedia":[{"embeddable":true,"href":"https:\/\/www.promostore.com.ar\/web\/wp-json\/wp\/v2\/media\/4274"}],"wp:attachment":[{"href":"https:\/\/www.promostore.com.ar\/web\/wp-json\/wp\/v2\/media?parent=4273"}],"wp:term":[{"taxonomy":"product_brand","embeddable":true,"href":"https:\/\/www.promostore.com.ar\/web\/wp-json\/wp\/v2\/product_brand?post=4273"},{"taxonomy":"product_cat","embeddable":true,"href":"https:\/\/www.promostore.com.ar\/web\/wp-json\/wp\/v2\/product_cat?post=4273"},{"taxonomy":"product_tag","embeddable":true,"href":"https:\/\/www.promostore.com.ar\/web\/wp-json\/wp\/v2\/product_tag?post=4273"}],"curies":[{"name":"wp","href":"https:\/\/api.w.org\/{rel}","templated":true}]}}